osite?
False
Let p be 1*(1 + 3 - 27). Let m = 55 - p. Suppose 0 = 5*o - 137 - m. Is o a composite number?
False
Let v = 197 - 522. Let m = v + 568. Let k = m + -40. Is k a prime number?
False
Let x(y) = -y**3 - 11*y**2 - 17*y + 8. Let v be x(-9). Is ((-3)/9)/(5/11805*v) a composite number?
False
Suppose -46 = -20*c + 34. Suppose 5*q - 13434 + 909 = -5*l, -c*l + 12523 = 5*q. Is q prime?
True
Suppose -8*u - 13*u = 34167. Let l = 2762 + u. Is l a composite number?
True
Let a be (-26)/(-8) + -3 - 11/(-4). Suppose -a*c = 2*k - 3202 - 7615, 4*k = -c + 21649. Is k a prime number?
True
Let p(o) be the first derivative of 1/4*o**4 + 6*o**2 - 20*o - 10/3*o**3 - 3. Is p(11) a composite number?
False
Suppose 1725117 + 3426667 = 58*m - 936940. Is m composite?
True
Let c = 696 - -41341. Is c a composite number?
True
Let x(i) = -10*i**2 - 13*i + 73. Let d be x(8). Let c = 1158 + d. Is c a prime number?
True
Let t be (-1 - -2)*(-5 - -9). Suppose t*b + 5*h - 3524 = 0, -b = -2*h - 82 - 786. Let a = -585 + b. Is a composite?
True
Suppose -20*u - 37322 = -22*u - 4*b, 5*u - 2*b = 93317. Let c = -12476 + u. Is c prime?
False
Let j(u) = 243*u**3 + 6*u**2 - 12*u + 1. Let p(t) = -2*t**2 + 36*t - 88. Let d be p(3). Is j(d) a composite number?
True
Let k(z) = -2319*z + 2. Let i be k(-2). Suppose 5*m = m + i. Let c = m - 751. Is c a prime number?
True
Let b(k) be the second derivative of k**3/6 + 13*k**2 - 7*k. Let r be b(-12). Let q = 93 - r. Is q prime?
True
Let q be (2 - 3)*3*-7. Let c(i) = 20 - 5*i + 16 - 2 + 6*i. Is c(q) composite?
True
Is (-10)/(-6) - ((-422200)/3)/25 a composite number?
True
Let p = -64771 + 123092. Is p composite?
False
Let u(h) = 1530*h - 511. Is u(22) prime?
True
Suppose 2*x - b + 6*b - 23 = 0, 4*b - 40 = -4*x. Suppose -24791 = -7*o + 257373 + 156120. Suppose 6283 + o = x*s. Is s a composite number?
True
Is 1584907586/374 + -34 + 2/11 a composite number?
False
Let c(q) = q**2 - 13*q + 33. Let y be c(12). Is (-126772)/123*y/(-4) a composite number?
True
Let p = 165 + -192. Let h(f) = -169*f - 76. Is h(p) a composite number?
True
Let k(z) = -2*z**3 - 35*z**2 - 74*z + 49. Let f be k(-31). Let a = -18497 + f. Is a prime?
False
Let j = 305 - 303. Suppose j*c = -4*i + 1120, 5*c - 267 = -i + 31. Is i prime?
False
Let x(u) = -50*u**3 + 3*u**2 - 2*u - 3. Let c be x(-5). Let q = 81 + -67. Suppose 0 = q*a - 21942 + c. Is a prime?
False
Let j(h) = 188*h**2 - 5*h + 227*h**2 + 14*h**2 + 16 - 3*h - 70*h**2. Is j(7) a prime number?
True
Suppose -4*n = -6*n. Is 1640 + 0 - (1 - n) a prime number?
False
Let i be (-8672)/(-22) + 106/(-583). Suppose 7*s - i = 271. Is s a composite number?
True
Suppose -29*d - 74270 = -34*d. Suppose -d = -30*w + 28*w. Is w a composite number?
True
Let m(n) = 4*n + 187. Let b be m(-46). Suppose 5*g = k - 18747, 5*k = b*k + 2*g + 37486. Is k prime?
False
Let z(g) = -2697*g**2 + 12*g + 28. Let j be z(-3). Let a = j + 36070. Is a a composite number?
False
Let i be -3 + 6/(-6) + 4. Let g = 69900 + -33081. Is (-9)/((-81)/g)*(i - -1) composite?
False
Suppose 6 + 4 = 5*x, 5*w + 4*x - 8 = 0. Suppose 2*y = a + 1, w = 2*a - a + 3*y - 9. Suppose a*h - 1079 = 322. Is h prime?
True
Let z = -9221 + 16210. Is z prime?
False
Is 5/((-17 - -7)*4/(-2696776)) a prime number?
True
Suppose -278961 - 467604 + 167536 = -11*m. Is m a prime number?
True
Let u(t) be the third derivative of -t**6/120 - t**5/60 + t**4/24 + 953*t**3/6 - 62*t**2. Is u(0) composite?
False
Let k = -1553 + 2939. Let m = k + -949. Is m composite?
True
Suppose 0 = 60*s + 29*s - 16235113. Is s composite?
False
Let i(b) = 15*b**2 - 7*b + 11. Let x(l) = -17*l + 162. Let m be x(9). Is i(m) a prime number?
True
Let t = 648 - 3388. Is t/(-14)*129 + (-44)/308 prime?
True
Let w be (2 - -1)/12*0. Suppose w = -m - 3*q + 3433, -m - 5*q + 3433 = -3*q. Is m a prime number?
True
Suppose 39 = 10*g + 99. Is 23979*4/g*4/(-8) prime?
True
Let s be 2*(-52473)/(-42) - 4/(-14). Let w be 0/1*1/(-2). Suppose 3*m - k - 1888 = w, -m + 5*k = 3*m - s. Is m a prime number?
True
Is -5 - 1323/(-273) - 2622505/(-13) a composite number?
False
Let t be ((-36)/9)/((-8)/2628). Is 2/20 - t/(-60) composite?
True
Let c(m) = -44 - 12*m + 2840*m**2 - 2839*m**2 + 35*m + 155. Is c(-34) prime?
False
Let z = 656 - 651. Suppose -z*x - 5*k - 1299 + 15779 = 0, -3*k = -5*x + 14488. Is x prime?
True
Suppose -2*z - 2*h - 14 = 0, -3*z + 3*h + 13 = 4. Is z/((-5 - -8)/(9249/(-2))) a composite number?
False
Let a(b) = 2*b**2 - 6*b + 8. Let c be a(4). Let m = c + -19. Is (-3*2 - -3)/m + 258 a prime number?
False
Let c be (-1)/(8/(-10))*4. Let l(v) = -v + 10. Let y be l(c). Suppose -3*m = y*r - 3168, 4*r + 704 = -5*m + 3241. Is r composite?
True
Let x(f) = 3579*f**2 - f - 1. Let j be x(-1). Let z(t) = -3*t - 2. Let v be z(-2). Suppose v*q - j = q. Is q composite?
False
Suppose 3*z + 95 + 964 = -4*u, 3*u = -z - 358. Suppose -3*i + 60 = -2*i. Let k = i - z. Is k prime?
True
Let k = 50 + -34. Let z be (k/6)/(24/(-36)). Let x(y) = -113*y - 3. Is x(z) a composite number?
False
Let o(l) = 5*l**2 - 4*l - 61. Let s be o(-30). Let v = s - -480. Is v composite?
False
Let l(d) be the first derivative of -d**4/2 - 11*d**3/3 + 3*d**2/2 + 8*d + 26. Is l(-7) prime?
False
Let f(x) = 24*x**3 - 14*x**2 + 12*x + 49. Let a be 9 + (-385)/44 + 78/8. Is f(a) a composite number?
False
Let v(r) = 1039*r**2 + 239*r - 1141. Is v(5) composite?
False
Let y be 1/((-2)/4) - (43 - 24). Is (-5)/(245/y)*25711 composite?
True
Let j(c) = 49*c + 25. Let m(r) = 3*r + 63. Let w be m(0). Let b = -51 + w. Is j(b) a prime number?
True
Suppose 93*b - 33449 = 106*b. Suppose -2*q + q = -3*m + 1672, -4*q = -4*m + 6720. Let t = q - b. Is t prime?
False
Suppose 7*l = -91 + 21. Let f be (-34)/(-3) - l/15. Suppose -2*t - f = -6*t, t - 1648 = -5*r. Is r composite?
True
Is 30/(-24)*-32404 + (-9 - -3) prime?
True
Suppose 15 = -d + 17. Let g(t) = 0 + 10 + 50*t**2 + 0*t**2 - 5. Is g(d) a composite number?
True
Suppose -z = -1, -d - 3*z - 47 = -8. Let s be 1 + 8773/7 - (-12)/d. Let c = s + -873. Is c a composite number?
True
Suppose -10*i + 12295 + 3653 = -20642. Is i prime?
True
Let l(f) = -686*f + 1037. Is l(-31) composite?
False
Is 51259/(-1300)*-310 + 6/(-20) prime?
False
Suppose -3*a + 2*a - 3*h = -235103, -h - 705249 = -3*a. Is a a prime number?
False
Let b(q) = 3*q**2 + 7*q + 16. Let u be 2*(-3)/12 - 22/4. Let g be b(u). Suppose -2*w = -5*l + 723, -l + g + 61 = -2*w. Is l a composite number?
True
Let f(o) = 17667*o + 1226. Is f(23) a composite number?
False
Let n = 182124 + -113557. Is n prime?
True
Let c(m) = 55*m + 317. Suppose -3*o + 6*o = 66. Is c(o) composite?
True
Let k(n) = 2*n**3 - 4*n**2 - 3*n. Let m be k(4). Let c(d) = -m + 20 + 24 + 48*d**2 - 3*d + 13. Is c(2) prime?
True
Let b(r) be the second derivative of -296*r**3/3 - 125*r**2/2 + 168*r. Is b(-3) a prime number?
False
Let y = -94078 + 267021. Is y composite?
True
Suppose 33*v - 82968 = 25*v. Suppose 3*s - v = -z, -7*z - 13828 = -4*s - 6*z. Is s a prime number?
True
Is ((-20365781)/(-178))/(3/6) composite?
False
Suppose -6*v - 5*r - 4 = -10*v, 3*r - 30 = -3*v. Is (-8)/12 + 75958/v a composite number?
False
Is (2 - 3)*(-31125263)/97 a prime number?
False
Let i be 2/(-10) + 410/50. Suppose 11*n = -i*n + 570. Suppose 5048 = 38*s - n*s. Is s composite?
False
Let p = -38 - -537. Suppose 0 = 3*y - 110 - p. Is y composite?
True
Let x(p) = 199*p - 77. Let r(h) = -99*h + 39. Let z be 30/(-5) + 6/6. Let w(i) = z*r(i) - 2*x(i). Is w(12) a prime number?
True
Suppose 0 = -4*l - 2*h + 594, h = -5*l - 2*h + 745. Suppose l = 5*r - 9. Is r a composite number?
False
Let v be (2 - 25/5) + 5. Let z(a) = -28*a**3 - 7*a**2 + 7*a - 7. Let t(d) = -27*d**3 - 8*d**2 + 8*d - 7. Let g(k) = 2*t(k) - 3*z(k). Is g(v) a prime number?
True
Let c be 16*((3 + -5)*1 + 1). Let w be 2/(-8) - 148/c. Is (1338/w)/(2/6) a prime number?
False
Suppose 36*w + 10033004 = 54329888. Is w prime?
True
Let s be (-311428)/2*25/(-50). Suppose 17*g + 13512 = s. Is g a prime number?
False
Let r(q) = 72*q + 61. Let b be r(-14). Let d = -504 - b. Is d prime?
True
Let u be (12/14 - 0)/((-1)/21). Let k be (1*1*-2)/(u/(-27)). Is -2*(k + 805/(-10)) composite?
False
Suppose -6 - 50 = -4*h - 4*y, -3*h = 4*y - 47. Suppose s - 1144 = -2*d, -5*s - 6*d + 5785 = -h*d. Is s prime?
False
L